14*n + 6 = -8*n. Calculate the highest common divisor of 3 and n.
1
Let j(o) = -o**3 + 8*o**2 - 4*o + 7. Let r be j(6). Let m = r - 16. Calculate the greatest common factor of m and 13.
13
Let b(l) = 0*l + l + 5*l + 4. Suppose 0 = -3*h - 4*m + 22, m + 7 = h + 2*m. Let y be b(h). What is the greatest common divisor of y and 10?
10
Let y(l) = -9*l - 1. Let a be y(-1). Suppose 3*i + 2 - a = 0. Let q be (-54)/12*i*-3. What is the highest common factor of q and 3?
3
Let h be (12/12)/(2/58). What is the greatest common factor of 261 and h?
29
Let g(u) = -u + 24. Let c be g(6). What is the highest common divisor of c and 36?
18
Let n be (-5)/((-25)/15) + 107. Calculate the greatest common divisor of 10 and n.
10
Suppose 0 = -5*o - 0*o + 50. Suppose 2*x = 2*r - 0*x - 48, 4*x - 54 = -2*r. Calculate the highest common divisor of r and o.
5
Suppose 2*v = -r + 30, -r + 0 + 25 = v. Suppose -293 + 73 = -11*h. Calculate the greatest common factor of r and h.
20
Let q(y) = y**3 - y - 12. Let b be q(0). Let f = -5 - b. What is the greatest common divisor of 49 and f?
7
Let j be (-74)/(-3) + 6/18. Let u = j - 15. What is the highest common factor of 2 and u?
2
Suppose l - 3 = -0*l. Let v(h) = h**3 - 2*h**2 + 5*h - 3. Let x be v(l). Calculate the highest common factor of x and 7.
7
Suppose 0 = -d + 2*d - 16. What is the greatest common factor of d and 128?
16
Let l(f) = -5*f + 18. Let s be l(0). Calculate the greatest common factor of 45 and s.
9
Suppose 30*i = 37*i - 98. What is the greatest common factor of i and 4?
2
Suppose 2*p + 3*x - 109 - 92 = 0, 4*p - 457 = 5*x. Calculate the greatest common factor of 12 and p.
12
Suppose -3*l = 2*l - 60. Let o = -2 - 31. Let k = o - -51. What is the highest common divisor of l and k?
6
Let p be (135/6)/(1/2). Suppose 0 = -4*n - n + p. Calculate the highest common factor of n and 3.
3
Let k(l) be the second derivative of -l**4/12 + 7*l**3/6 + 2*l**2 + 3*l. Let d be k(6). Let m = -83 - -193. Calculate the greatest common factor of d and m.
10
Let s(w) = w + 8. Let y be s(-6). Suppose 4*t + q = 64, -2*q + 64 = 2*t + y*t. What is the greatest common factor of t and 24?
8
Let w(h) = h + 2. Let r be w(2). Suppose r*a + 4*u - 28 = 0, 0 = a + a - 2*u - 34. Suppose 2*o = -0*o + 48. Calculate the greatest common factor of o and a.
12
Let f be 1/2 - (-114)/4. Suppose 3*v = 19 + f. Suppose x + 0 = 8. Calculate the greatest common divisor of x and v.
8
Suppose 3*u = 4*j - 0*u - 20, 16 = -2*j - 5*u. What is the greatest common factor of 1 and j?
1
Let r(i) = -i**3 + 9*i**2 + 11*i + 4. Let p be r(10). What is the greatest common divisor of 21 and p?
7
Let u be 1*-1 + -7 + 9 - -3. What is the greatest common divisor of 28 and u?
4
Suppose -5*y + 10 = -5. Calculate the highest common factor of y and 3.
3
Suppose -29 = -15*z + 61. Let b(t) = -t**3 - 4*t**2 + 2*t + 6. Let i be b(-4). Let a be (-2 - -7) + i + 0. Calculate the greatest common factor of a and z.
3
Let a(o) = -8*o + 4. Let w be a(3). Let b = 83 + w. What is the greatest common factor of b and 21?
21
Let a be 6/1 - (0 + 1). Let j be -4*((-6)/8 + 0). Suppose 3*q = -q - 12, j*x = -2*q + 129. What is the highest common divisor of x and a?
5
Let h be 2/(-4) - (-316)/8. What is the highest common factor of 26 and h?
13
Suppose -3*p + 17 - 167 = 0. Let s be (p/(-15))/(2/18). Let u = s - -8. What is the greatest common divisor of 19 and u?
19
Let s be (-2)/(-7) - (-80)/14. What is the greatest common factor of s and 14?
2
Suppose 4*q = -4*j - 16, 4*q - 2*j + 6 = -4. Let h be (-79)/q - (-14)/21. Calculate the highest common factor of 108 and h.
27
Suppose -2*s = -7*s - 5, 0 = -5*b - 3*s + 37. Let q = 6 - 4. Let t be 1/(-2) + 177/q. Calculate the highest common divisor of b and t.
8
Suppose 0 = 2*i - 0 + 28. Let x be (i/3)/((-6)/9). Suppose x*j - 240 = 2*j. Calculate the greatest common divisor of j and 12.
12
Suppose 0 = -0*s + 4*s - 2520. Suppose -198 = 2*g - s. What is the greatest common factor of 24 and g?
24
Let f(c) = -30*c + 4. Let w be f(-2). What is the highest common factor of 8 and w?
8
Let z be 6*(-2)/4 + 29. Calculate the highest common divisor of 26 and z.
26
Let t(v) = -109*v - 1. Suppose 2 = 3*m + 5. Let o be t(m). Let f be (18/(-7))/(15/(-70)). What is the greatest common divisor of o and f?
12
Suppose 5*k = k - 148. Let t = -23 - k. What is the greatest common divisor of t and 2?
2
Let x = -1 - -3. Suppose 24 = -3*q + 11*q. Calculate the greatest common factor of x and q.
1
Suppose -96 = -2*t - 36. What is the greatest common divisor of 3 and t?
3
Let c = 23 - 12. Let p be ((-18)/(-20) - 6/15)*22. Calculate the greatest common divisor of c and p.
11
Let h(g) be the second derivative of g**3/6 + 4*g**2 + 2*g. Let w be h(-6). Calculate the greatest common divisor of w and 18.
2
Suppose 3*o - 5*i - 26 = 0, -2*i - 75 = -2*o - 3*o. Calculate the greatest common factor of o and 119.
17
Let o be (-12)/(-18) + 22/(-6). Let s be (-49)/(-2) + o/6. What is the greatest common divisor of 60 and s?
12
Let d(n) be the first derivative of n**4/4 + n**2/2 + 30*n - 5. Let u be d(0). What is the greatest common factor of 45 and u?
15
Suppose 4*z = -3*h + 8*h + 2, -z + 9 = 3*h. What is the greatest common divisor of z and 42?
3
Let c(y) be the first derivative of -y**4/4 - 2*y**3/3 - y**2 - 4*y + 2. Let m be c(-3). Let t be 3/(3/13) - 2. What is the highest common factor of m and t?
11
Let s = 10 - 6. Calculate the highest common factor of 16 and s.
4
Let i(r) = -r**2 - 4*r. Let u be i(-4). Let x = u + 4. Suppose -142 = -o - o - f, 0 = 2*f - x. What is the highest common factor of 10 and o?
10
Suppose 0 = 4*b + 1 - 5. Let j be (-1)/((-1)/(-13)*b). Let f = 23 + j. What is the greatest common divisor of 80 and f?
10
Let l(x) = -26*x - 20*x - 4 + 52*x. Let f be l(4). What is the highest common divisor of 4 and f?
4
Suppose 8*r + 38 = 2*q + 3*r, 0 = -4*r + 8. Calculate the highest common divisor of q and 8.
8
Let t = 55 + -33. Suppose 0 = 5*h - 3*i - 7, -2*h + i = -3. Calculate the greatest common factor of h and t.
2
Suppose -5*u = -52 - 43. Calculate the highest common divisor of 95 and u.
19
Suppose i + 4*i = 3*u + 3, 3*u + 2*i - 18 = 0. Let x be (8/32 - 3/4)*-4. What is the highest common divisor of x and u?
2
Let s(v) = v**2 - 9*v - 2. Let w be s(10). Let p(x) = -x**2 + 8*x - 7. Let l be p(5). Calculate the greatest common factor of l and w.
8
Let t = -7 - -10. Let f(c) = 7*c**2 - 3*c**t - 7*c**2 - 3*c - 3 - 3*c**2. Let r be f(-2). What is the highest common divisor of r and 6?
3
Suppose 4*v + o - 64 = -2*o, 4*v = 2*o + 64. Suppose 3*u - 88 = 314. Let x = u - 6. Calculate the greatest common divisor of x and v.
16
Let p = 3 - -18. Suppose -1 = 2*l + 3*t, 3*l - t - 9 = -2*t. Suppose -5*r + 192 = -l*n, -4*r + n = p - 168. What is the highest common factor of 12 and r?
12
Suppose -3*r + 13 = 4. Suppose r*n = 23 + 1. Let q = 98 - 58. What is the highest common divisor of q and n?
8
Let n = 100 - -36. Calculate the highest common factor of 17 and n.
17
Let m be ((-52)/(-3))/2*-9. Let i = m - -253. What is the greatest common factor of i and 25?
25
Let z(h) = h - 1. Let m be z(4). Let n(a) = a + 3. Let i be n(m). What is the highest common factor of 30 and i?
6
Let i = 7 - 4. Let k(w) = 2*w. Let q be k(i). Calculate the highest common factor of 66 and q.
6
Let r be (6 + -1)*(-96)/(-20). Calculate the highest common factor of r and 216.
24
Let d(x) = x**3 + 18*x**2 - 6*x - 44. Let m be d(-18). What is the greatest common divisor of 32 and m?
32
Let n = -22 + 33. Suppose -5*j + 211 = -t, 4*j - 124 - 44 = t. Let k = j - 21. What is the highest common divisor of k and n?
11
Suppose -2*c - 10 = -5*y - 4, c + y = 4. Suppose -14 = -c*f + f. Suppose 0 = -i - i + f. Calculate the highest common divisor of i and 28.
7
Suppose 3*f - 7*f = -40. Calculate the greatest common factor of f and 100.
10
Suppose 3*b - 2*d - 2*d = 292, 4*d + 484 = 5*b. What is the greatest common divisor of 12 and b?
12
Let l be (3 - 1)/(1/2). Let h be ((-40)/(-6))/((-1)/(-3)). Calculate the greatest common divisor of h and l.
4
Suppose -2*v = -5*o + 5 + 56, 10 = 5*v. Suppose -3*q - 3*x = 12, 3 = -5*q - 4*x - o. Suppose 5*n + q*n = 5. What is the highest common divisor of n and 1?
1
Let z be 2/(-7) + 405/21. Let s be (-9 